p - 92 = 752. Is -1 - p - (-1 + 2) a prime number?
False
Let z(m) = 6*m**3 + 17*m - 1. Let i(u) = 4*u**3 + 11*u - 1. Let w(c) = 8*i(c) - 5*z(c). Is w(2) prime?
True
Let j(y) = -3*y**3 - 17*y - 2*y**3 + 5 + 4*y**3 - 14*y**2. Is j(-13) composite?
True
Suppose 4*p = -3*u + 4513, 3*p + 8 = 2. Is u prime?
False
Suppose 0*b = 2*b - 5*i - 506, 2*i + 1028 = 4*b. Let m be (-836)/6 - (-4)/12. Let o = b + m. Is o a composite number?
True
Let a be (96/(-9))/(1/(-3)). Suppose -s + 84 = a. Suppose -s = -w - w. Is w prime?
False
Suppose 5*s - q + 0*q = 19, 4*s - 3*q - 13 = 0. Suppose 0 = 4*y - 5*y + 59. Suppose 2*l + 4*r - 40 = 0, -2*r = -s*l - 3*r + y. Is l a prime number?
False
Let b(s) = -s**3 - 2*s**2 - 3*s - 11. Is b(-4) prime?
False
Let k be 5/(-2)*(-7348)/55. Suppose -k = -2*w + 140. Is w a composite number?
True
Let c = 2 + 10. Suppose -4*y - 10 - 2 = 0, 0 = 3*k + 5*y + c. Suppose i = -j - k, -j - 4*j + 45 = -5*i. Is j a prime number?
False
Suppose -5*p = -2*p - 5664. Suppose l - 5*u - 484 = 0, -6*l + p = -2*l - 4*u. Is l a composite number?
True
Suppose s - 7*s = -3126. Is s a prime number?
True
Suppose 4*l - 2770 = -3*t, l - 2*t + 2078 = 4*l. Is l composite?
True
Let f = -152 - -387. Suppose 0 = 2*j + 3*j - f. Is j composite?
False
Is (6/8)/((-25)/(-500)) a composite number?
True
Suppose 3*v + 219 = 1098. Is v prime?
True
Suppose 0 = -4*s - o + 3190, -2*o = 2*s + 2*o - 1602. Is s prime?
True
Suppose 2*k + x = 3*x - 10, -2*k - x = -5. Suppose k*m = m - 127. Is m a composite number?
False
Let a be -42 - (3 - (1 + 3)). Let c = 116 - a. Is c a composite number?
False
Suppose 8*c - 31924 + 12 = 0. Is c a composite number?
False
Let h(l) = -5*l. Let w be h(-7). Let p = w + 80. Is p a composite number?
True
Is (7/21)/(1/573) prime?
True
Let u(o) be the first derivative of 2*o**2 + 6*o + 1. Let k be u(7). Suppose -r = -k - 3. Is r a prime number?
True
Let a(r) = -4 + 3 + 3 + 83*r. Is a(1) a composite number?
True
Is 3/(-2)*(-40 - -2) prime?
False
Let i be 5*((0 - 3) + -506). Is i/(-20) - (-1)/(-4) prime?
True
Let j = 52 + 27. Let x = 155 - j. Let s = -45 + x. Is s composite?
False
Let t = 6 + -1. Suppose 4*c + t*k = 11 + 78, -2 = -2*k. Is c a composite number?
True
Let j = -1 - -1. Let t = j - -1. Let f = 6 + t. Is f a composite number?
False
Let q(z) = 9*z**3 + 7*z**2 + 7*z + 11. Is q(6) prime?
False
Suppose -9 + 3 = -2*m. Let i be -1 - (m/(-1))/3. Let p(n) = -n**3 + n**2 - n + 77. Is p(i) a prime number?
False
Let b be 2/(-5) + (-2)/(-5). Suppose -y = -4*c - b*c + 202, 142 = 3*c + 4*y. Suppose 2*q - 66 = c. Is q a composite number?
True
Suppose 3 = b + 43. Is -2 - (b + 6/2) prime?
False
Let n = 107 - -14. Is n prime?
False
Suppose 0 = -26*q + 21*q - 1050. Suppose -l - 2*y + 17 = 0, -26 = -5*l - 4*y + 83. Let u = l - q. Is u a composite number?
True
Let h(b) = -3*b - 17. Let l be h(-20). Let m = -61 + 40. Let i = m + l. Is i a composite number?
True
Suppose -4*p = -3551 - 1893. Is p a prime number?
True
Let n be ((-12)/(-18))/(4/6). Let l(g) = 40*g**2 - 3*g + 1. Is l(n) a prime number?
False
Let q = -15 + 2. Let m = q + 21. Suppose 4*p - 96 = -a + m, -4*a = -5*p + 109. Is p a composite number?
True
Is 1*3/(27/(-33))*-267 prime?
False
Suppose 5*h = -l + 25, 4*l - 16 - 4 = 0. Suppose 0 = -h*i - 2*f + 214, -3*i + 205 = -2*f + 34. Is i a prime number?
False
Let l(h) = 121*h**3 - 1. Let f be l(1). Suppose -105 - f = -3*g. Suppose 2*x - i - g = 18, -5*i + 240 = 5*x. Is x composite?
False
Suppose l + 0*l - 699 = 0. Suppose -3*j = -0*j - l. Is j a composite number?
False
Suppose -3*o + f = -1529, 3*f - 2567 = -6*o + o. Is o a composite number?
True
Suppose 3*v - 274 = 299. Is v prime?
True
Let u be ((-124)/6)/(6/18). Is (u/(-4))/((-2)/(-4)) a prime number?
True
Suppose -5 - 3 = -4*h. Suppose -5*p - n = -p - 383, -4*p + 386 = h*n. Is p a composite number?
True
Suppose -107 = -3*i + 3022. Is i a prime number?
False
Let w = -4280 + 7139. Is w a composite number?
True
Let v(h) = h**2 + h + 3. Let o be -1*(1 - 10)/(-3). Let y be v(o). Is (-2)/y - 10556/(-36) a prime number?
True
Suppose 18 = -5*x + 58. Suppose -x*a + 3*a + 125 = 0. Is a prime?
False
Suppose -4*m + y = -3715 - 3675, -3*m = -y - 5543. Is m prime?
True
Suppose 3*r - 3120 = 5*b - 8*b, r = 1. Is b prime?
True
Let a be (-8)/(-12) - (-784)/3. Let y = a - 179. Is y a composite number?
False
Let b(w) = w**2 - 2*w + 1. Let k be b(2). Let m = 2 - 3. Is (-6 - 77)/(k*m) prime?
True
Let m be (3 + -3)/(-1)*-1. Suppose g - 4*i - 8 = m, g + 2*i - 10 = -2*g. Suppose -3*f + 38 = 5*d, -g*d - 83 = -2*f - f. Is f a prime number?
False
Let c = 223 - -70. Is c prime?
True
Let s(k) = -k**3 + 6*k**2 - 2*k - 1. Let v be s(4). Suppose -3*x - 4*d = -87, -4*d + v = x - 14. Is x composite?
True
Suppose 0 = -5*r + 8*r - 9. Let q(y) = -37*y**2 + y. Let p be q(-2). Is ((-1)/(r/p))/2 prime?
False
Let m(g) = -128*g**3 - 5*g**2 - 8*g + 8. Let r(d) = 85*d**3 + 3*d**2 + 5*d - 5. Let u(y) = 5*m(y) + 8*r(y). Suppose 0 = 2*x - 2. Is u(x) a composite number?
True
Is 31 + -21 - (-1)/(1/(-3)) a composite number?
False
Suppose 4*l - l = -2*t + 289, 0 = 3*t - 5*l - 462. Is t prime?
True
Let k = -15 - -17. Suppose -2*f + 104 = -k*c - 154, 3*f - 4*c = 389. Is f a composite number?
False
Let t(g) = g - 10. Let j be t(9). Let y be 4 + (j - 0) + 0. Is -7*y/(9/(-33)) prime?
False
Let y = -238 - -55. Let d = y - -478. Is d a composite number?
True
Let g(c) be the second derivative of -11*c**3/6 + c**2 + 2*c. Is g(-7) prime?
True
Let w = 1823 + -438. Is w a prime number?
False
Let h be ((-9)/6)/(3/(-100)). Let b = h - 19. Is b prime?
True
Let d(k) = 14*k**2 + k - 1. Suppose -4*l - 13 = -s, 6*l - 3*l + 16 = 2*s. Is d(l) composite?
False
Let n(u) = u**2 - 6*u - 4. Let z be n(9). Suppose -z = -2*m - 1. Is m a prime number?
True
Let o = 18 - 13. Suppose 0 = -3*w - 2*w + o. Is 93 - ((-3)/w - -1) a composite number?
True
Let q(r) = 2*r**2 - 8*r - 15. Is q(11) prime?
True
Let d = -80 - -149. Is d a composite number?
True
Let t(v) = 3*v**2 - v + 8. Let h(z) = -4*z**2 + 2*z - 9. Let k(g) = 4*h(g) + 5*t(g). Let u be k(3). Is ((-2)/6)/(u/(-108)) composite?
True
Let i be (-16)/3*3/(-1). Suppose h - q - i = -6*q, -3*q = 2*h - 39. Suppose w + 5*u - 13 = 8, -w + h = -5*u. Is w a prime number?
False
Suppose -p = 4*m - 47, 3*m + 5*p - p - 19 = 0. Is m composite?
False
Let m = 3603 + -2429. Suppose 5*t = 3*t + m. Is t prime?
True
Suppose 3*g = 97 + 374. Let a = g - 102. Is a prime?
False
Let o(l) = -l**2 + l + 4. Let k be o(3). Let h = 5 + k. Is h prime?
True
Suppose c - 141 - 89 = 0. Let h = -135 + c. Is h composite?
True
Let u be -1*(-6)/3*1. Suppose -2*i + 2*d = -d + 169, 3*i - u*d + 256 = 0. Let t = i + 253. Is t prime?
True
Let b = -1 + 4. Suppose -l - 4*l = -220. Suppose -b*a + l = a. Is a composite?
False
Let w = -766 - -1695. Is w a composite number?
False
Suppose -u - 5*d = -18, -38 = -3*u - 2*d + 3*d. Suppose 0 = -0*b - b + u. Is b prime?
True
Let s be 2 - 2/(-4)*0. Suppose s*c - 132 = 270. Is c composite?
True
Suppose 4 = 5*l - 6. Let a(y) = -3*y - l*y + 7*y - 2. Is a(8) prime?
False
Suppose -5*c = -3*c. Suppose c = -g + 3*g. Let t = g - -3. Is t a composite number?
False
Let m be ((-108)/21)/((-4)/42). Let w(z) = z**3 + z**2 - z - 17. Let i be w(0). Let n = i + m. Is n prime?
True
Let g = 6 + -12. Let w(b) be the second derivative of b**4/6 + 5*b**2/2 - 11*b. Is w(g) composite?
True
Suppose 0 = -4*p - 11*p + 59775. Is p a prime number?
False
Suppose -4*x - 2*m = -10, -3*m = 5*x - 14 + 2. Suppose 2*q + 37 = x*q. Is q a composite number?
False
Let n(o) = 1. Let c(y) = -5*y + 2. Let r(x) = -c(x) + n(x). Let i(g) = g**2 + 3*g + 4. Let w be i(-3). Is r(w) a composite number?
False
Let z(n) = 106*n + 4. Let o be z(-3). Let i be o/(-8) + 1/(-4). Let x = i + -17. Is x prime?
False
Let u(t) = -t**3 + 6*t**2 + t - 6. Let r be u(6). Suppose r = 4*w - w - 609. Suppose 0*j = j - w. Is j composite?
True
Let t = 1270 - 383. Is t a composite number?
False
Is (-26)/(-169) + (-5549)/(-13) a prime number?
False
Suppose 7*j = 3*j + 3*k + 353, j - 5*k = 67. Suppose 0 = -3*f - 0*f + 4*u + 269, u - j = -f. Is f a composite number?
True
Let y(u) = u**3 + 8*u**2 - 6*u - 8. Suppose 31*g + 10 = 29*g. Is y(g) composite?
False
Let s be (2/(-3))/((-4)/30). Let b = s - 5. Suppose -g + 1